{"id":566,"date":"2018-08-30T07:50:03","date_gmt":"2018-08-30T05:50:03","guid":{"rendered":"http:\/\/vfr-badsalzig.de\/wordpress\/?page_id=566"},"modified":"2025-03-24T14:30:58","modified_gmt":"2025-03-24T13:30:58","slug":"unsere-1-mannschaft","status":"publish","type":"page","link":"https:\/\/vfr-badsalzig.de\/?page_id=566","title":{"rendered":"Saison 24\/25"},"content":{"rendered":"<p><a href=\"http:\/\/vfr-badsalzig.de\/wp-content\/uploads\/2025\/03\/VFR-Mannschaftsfoto-NEU-1.jpg\" target=\"_blank\" rel=\"noopener\"><img decoding=\"async\" src=\"http:\/\/vfr-badsalzig.de\/wp-content\/uploads\/2025\/03\/VFR-Mannschaftsfoto-NEU-1.jpg\" \/><\/a><\/p>\n<p><strong>Vordere Reihe v.l.n.r.:<\/strong> Mike Biller <em>(Trainer)<\/em>, Sebastian Gr\u00f6ning, Andre Fischer, Nesim Engin, Marvin Nicodemus, Philipp Mohr, Christian Schmitt, Benjamin Simonis, Gerrit Schuhmacher, Kamil Kozlowski, Rinas Osman<\/p>\n<p><strong>Mittlere Reihe v.l.n.r.: <\/strong>Pascal Fischer, Falk Beringer, Wolfgang Skiba, Marcel Blatt, Felix Blankenstein, Nils Ke\u00dfler, Matthias Kulhanek, Tobias Alt, Alexander D\u00fclz, Michael Gr\u00f6ning, Tobias Minning, Maximilian Bach, Markus Zorn<\/p>\n<p><strong>Hintere Reihe v.l.n.r.:\u00a0<\/strong>Fawzi Mouslem, Jakub Jarosz, Peter Weinand, Florian Schirok, Niclas Bach, Leon Bach, Farooq Qaiser, Mario D\u00fclz<\/p>\n<p>&nbsp;<\/p>\n<p>&nbsp;<\/p>\n","protected":false},"excerpt":{"rendered":"<p>Vordere Reihe v.l.n.r.: Mike Biller (Trainer), Sebastian Gr\u00f6ning, Andre Fischer, Nesim Engin, Marvin Nicodemus, Philipp Mohr, Christian Schmitt, Benjamin Simonis, Gerrit Schuhmacher, Kamil Kozlowski, Rinas Osman Mittlere Reihe v.l.n.r.: Pascal Fischer, Falk Beringer, Wolfgang Skiba, Marcel Blatt, Felix Blankenstein, Nils Ke\u00dfler, Matthias Kulhanek, Tobias Alt, Alexander D\u00fclz, Michael Gr\u00f6ning, Tobias <a class=\"more-link\" href=\"https:\/\/vfr-badsalzig.de\/?page_id=566\"><span class=\"screen-reader-text\">  Saison 24\/25<\/span> weiterlesen<span class=\"meta-nav\">&rarr;<\/span><\/a><\/p>\n","protected":false},"author":4,"featured_media":0,"parent":0,"menu_order":0,"comment_status":"closed","ping_status":"closed","template":"","meta":{"footnotes":""},"class_list":["post-566","page","type-page","status-publish","hentry"],"_links":{"self":[{"href":"https:\/\/vfr-badsalzig.de\/index.php?rest_route=\/wp\/v2\/pages\/566","targetHints":{"allow":["GET"]}}],"collection":[{"href":"https:\/\/vfr-badsalzig.de\/index.php?rest_route=\/wp\/v2\/pages"}],"about":[{"href":"https:\/\/vfr-badsalzig.de\/index.php?rest_route=\/wp\/v2\/types\/page"}],"author":[{"embeddable":true,"href":"https:\/\/vfr-badsalzig.de\/index.php?rest_route=\/wp\/v2\/users\/4"}],"replies":[{"embeddable":true,"href":"https:\/\/vfr-badsalzig.de\/index.php?rest_route=%2Fwp%2Fv2%2Fcomments&post=566"}],"version-history":[{"count":21,"href":"https:\/\/vfr-badsalzig.de\/index.php?rest_route=\/wp\/v2\/pages\/566\/revisions"}],"predecessor-version":[{"id":1893,"href":"https:\/\/vfr-badsalzig.de\/index.php?rest_route=\/wp\/v2\/pages\/566\/revisions\/1893"}],"wp:attachment":[{"href":"https:\/\/vfr-badsalzig.de\/index.php?rest_route=%2Fwp%2Fv2%2Fmedia&parent=566"}],"curies":[{"name":"wp","href":"https:\/\/api.w.org\/{rel}","templated":true}]}}

<p><a href="http://vfr-badsalzig.de/wp-content/uploads/2025/03/VFR-Mannschaftsfoto-NEU-1.jpg" target="_blank" rel="noopener"><img decoding="async" src="http://vfr-badsalzig.de/wp-content/uploads/2025/03/VFR-Mannschaftsfoto-NEU-1.jpg" /></a></p>
<p><strong>Vordere Reihe v.l.n.r.:</strong> Mike Biller <em>(Trainer)</em>, Sebastian Gröning, Andre Fischer, Nesim Engin, Marvin Nicodemus, Philipp Mohr, Christian Schmitt, Benjamin Simonis, Gerrit Schuhmacher, Kamil Kozlowski, Rinas Osman</p>
<p><strong>Mittlere Reihe v.l.n.r.: </strong>Pascal Fischer, Falk Beringer, Wolfgang Skiba, Marcel Blatt, Felix Blankenstein, Nils Keßler, Matthias Kulhanek, Tobias Alt, Alexander Dülz, Michael Gröning, Tobias Minning, Maximilian Bach, Markus Zorn</p>
<p><strong>Hintere Reihe v.l.n.r.: </strong>Fawzi Mouslem, Jakub Jarosz, Peter Weinand, Florian Schirok, Niclas Bach, Leon Bach, Farooq Qaiser, Mario Dülz</p>
<p>&nbsp;</p>
<p>&nbsp;</p>

<p>Vordere Reihe v.l.n.r.: Mike Biller (Trainer), Sebastian Gröning, Andre Fischer, Nesim Engin, Marvin Nicodemus, Philipp Mohr, Christian Schmitt, Benjamin Simonis, Gerrit Schuhmacher, Kamil Kozlowski, Rinas Osman Mittlere Reihe v.l.n.r.: Pascal Fischer, Falk Beringer, Wolfgang Skiba, Marcel Blatt, Felix Blankenstein, Nils Keßler, Matthias Kulhanek, Tobias Alt, Alexander Dülz, Michael Gröning, Tobias <a class="more-link" href="https://vfr-badsalzig.de/?page_id=566"><span class="screen-reader-text">  Saison 24/25</span> weiterlesen<span class="meta-nav">&rarr;</span></a></p>
